{"id":396,"date":"2021-03-26T09:36:16","date_gmt":"2021-03-26T09:36:16","guid":{"rendered":"http:\/\/matej.info\/matejmatika\/?page_id=396"},"modified":"2021-03-29T19:05:41","modified_gmt":"2021-03-29T19:05:41","slug":"info","status":"publish","type":"page","link":"http:\/\/matej.info\/matejmatika\/info\/","title":{"rendered":"Projekt info"},"content":{"rendered":"\n<section class=\"wp-block-themeisle-blocks-advanced-columns alignfull has-1-columns has-desktop-equal-layout has-tablet-equal-layout has-mobile-equal-layout has-nogap-gap has-vertical-flex-start\" id=\"wp-block-themeisle-blocks-advanced-columns-cf464273\"><div class=\"wp-block-themeisle-blocks-advanced-columns-overlay\"><\/div><div class=\"innerblocks-wrap\">\n<div class=\"wp-block-themeisle-blocks-advanced-column\" id=\"wp-block-themeisle-blocks-advanced-column-091be23e\">\n<section class=\"wp-block-themeisle-blocks-advanced-columns alignfull has-1-columns has-desktop-equal-layout has-tablet-equal-layout has-mobile-equal-layout has-nogap-gap has-vertical-center\" id=\"wp-block-themeisle-blocks-advanced-columns-7fed9644\"><div class=\"wp-block-themeisle-blocks-advanced-columns-overlay\"><\/div><div class=\"innerblocks-wrap\">\n<div class=\"wp-block-themeisle-blocks-advanced-column\" id=\"wp-block-themeisle-blocks-advanced-column-77b97cc2\">\n<h1 class=\"has-text-align-center has-text-color has-large-font-size wp-block-heading\" style=\"color:#e4235a\" data-block-type=\"core\">Vse se zgodi z razlogom<\/h1>\n\n\n\n<p class=\"has-text-align-center has-white-color has-text-color\" data-block-type=\"core\">Projekt nastaja v sodelovanju profesorja matematike z  dijaki, ki v procesu u\u010denja matematike prostovoljno oblikujejo svoje naloge in jih lektorirane objavljajo na spletni strani. Ob tem pa ponujajo u\u010dno pomo\u010d u\u010denja matematike vsem ni\u017ejim starostnim skupinam, t.j. osnovno\u0161olcem in srednje\u0161olcem ni\u017ejih letnikov. <\/p>\n\n\n\n<div class=\"wp-block-buttons is-content-justification-center is-layout-flex wp-block-buttons-is-layout-flex\" data-block-type=\"core\">\n<div class=\"wp-block-button has-custom-width wp-block-button__width-50 is-style-primary is-style-fill\" data-block-type=\"core\"><a class=\"wp-block-button__link has-stk-global-color-47494-color has-text-color\" href=\"http:\/\/matej.info\/matejmatika\/izdelava-prispevka\/\" style=\"border-radius:11px\">Ve\u010d o tem&#8230;<\/a><\/div>\n<\/div>\n<\/div>\n<\/div><\/section>\n\n\n\n<section class=\"wp-block-themeisle-blocks-advanced-columns has-3-columns has-desktop-equal-layout has-tablet-equal-layout has-mobile-collapsedRows-layout has-wide-gap has-vertical-flex-start\" id=\"wp-block-themeisle-blocks-advanced-columns-683da29a\"><div class=\"wp-block-themeisle-blocks-advanced-columns-overlay\"><\/div><div class=\"innerblocks-wrap\">\n<div class=\"wp-block-themeisle-blocks-advanced-column\" id=\"wp-block-themeisle-blocks-advanced-column-a81de827\">\n<h3 class=\"has-text-align-center wp-block-heading\" data-block-type=\"core\">Cilj 1<\/h3>\n\n\n\n<p class=\"has-text-align-center\" data-block-type=\"core\">Izdelati uporabno zbirko vaj, primerno za pripravo na teste iz matematike v srednjem strokovnem in gimnazijskem programu<\/p>\n<\/div>\n\n\n\n<div class=\"wp-block-themeisle-blocks-advanced-column\" id=\"wp-block-themeisle-blocks-advanced-column-787fa0e1\">\n<h3 class=\"has-text-align-center wp-block-heading\" data-block-type=\"core\">Cilj 2<\/h3>\n\n\n\n<p class=\"has-text-align-center\" data-block-type=\"core\">U\u010denje ve\u0161\u010din spletnega objavljanja strokovnih vsebin in u\u010denje spletne kode in urejevalnika matemati\u010dnega teksta<\/p>\n<\/div>\n\n\n\n<div class=\"wp-block-themeisle-blocks-advanced-column\" id=\"wp-block-themeisle-blocks-advanced-column-54f4b40e\">\n<h3 class=\"has-text-align-center wp-block-heading\" data-block-type=\"core\">Cilj 3<\/h3>\n\n\n\n<p class=\"has-text-align-center\" data-block-type=\"core\">Priprava udele\u017eencev na izpit iz matematike na koncu srednjega izobra\u017eevanja in nudenje u\u010dne pomo\u010di pomo\u010di potrebnim<\/p>\n<\/div>\n<\/div><\/section>\n<\/div>\n<\/div><\/section>\n\n\n\n<div class=\"wp-block-image is-style-default\" data-block-type=\"core\"><figure class=\"aligncenter size-large is-resized\"><img loading=\"lazy\" decoding=\"async\" src=\"http:\/\/matej.info\/matejmatika\/wp-content\/uploads\/2021\/03\/logo2-1024x260.png\" alt=\"\" class=\"wp-image-469\" width=\"256\" height=\"65\" srcset=\"http:\/\/matej.info\/matejmatika\/wp-content\/uploads\/2021\/03\/logo2-1024x260.png 1024w, http:\/\/matej.info\/matejmatika\/wp-content\/uploads\/2021\/03\/logo2-300x76.png 300w, http:\/\/matej.info\/matejmatika\/wp-content\/uploads\/2021\/03\/logo2-768x195.png 768w, http:\/\/matej.info\/matejmatika\/wp-content\/uploads\/2021\/03\/logo2-1536x390.png 1536w, http:\/\/matej.info\/matejmatika\/wp-content\/uploads\/2021\/03\/logo2.png 1653w\" sizes=\"auto, (max-width: 256px) 100vw, 256px\" \/><\/figure><\/div>\n\n\n\n<div class=\"alignfull wp-block-ugb-team-member ugb-team-member ugb-bdb852a ugb-team-member--v3 ugb-team-member--design-plain ugb-team-member--columns-3 ugb-main-block ugb--has-custom-content-width ugb-main-block--inner-wide ugb--has-block-background\"><style>.ugb-bdb852a .ugb-img,.ugb-bdb852a .ugb-team-member__image{margin-left:auto !important;margin-right:auto !important}.ugb-bdb852a .ugb-team-member__name{color:#eeeeee !important;text-align:center !important;margin-bottom:-2px !important}.ugb-bdb852a .ugb-team-member__position{text-align:center !important;margin-bottom:10px !important}.ugb-bdb852a .ugb-button{border-radius:100px !important;margin-left:5px !important;margin-right:5px !important}.ugb-bdb852a .ugb-button:before{border-radius:100px !important}.ugb-bdb852a .ugb-button.ugb-button--has-icon.ugb-button--has-icon svg{width:px;height:px}.ugb-bdb852a .ugb-team-member__buttons{text-align:center !important}.ugb-bdb852a .ugb-team-member__image{margin-bottom:20px !important}.ugb-bdb852a .ugb-inner-block{text-align:center}.ugb-bdb852a.ugb-team-member{justify-content:center;background-color:#2f2f2f}.ugb-bdb852a.ugb-team-member > .ugb-inner-block{min-width:auto !important;max-width:650px !important}.ugb-bdb852a.ugb-team-member:before{background-color:#2f2f2f}.ugb-bdb852a .ugb-block-title{color:#ffffff}.ugb-bdb852a .ugb-block-description{color:#ffffff}@media screen and (min-width:768px){.ugb-bdb852a .ugb-img{width:170px;height:auto !important}}@media screen and (min-width:1025px){.ugb-bdb852a .ugb-team-member__image{width:170px !important}}@media screen and (max-width:768px){.ugb-bdb852a .ugb-img,.ugb-bdb852a .ugb-team-member__image{margin-left:auto !important;margin-right:auto !important}.ugb-bdb852a .ugb-team-member__name{text-align:center !important}.ugb-bdb852a .ugb-team-member__position{text-align:center !important}.ugb-bdb852a .ugb-team-member__buttons{text-align:center !important}.ugb-bdb852a .ugb-inner-block{text-align:center}}<\/style><div class=\"ugb-inner-block ugb-inner-block--wide\"><h2 class=\"ugb-block-title ugb-block-title--with-subtitle\">Udele\u017eenci <\/h2><p class=\"ugb-block-description\">Dijaki, ki trenutno oblikujejo naloge in nudijo u\u010dno pomo\u010d, vsakemu lahko pi\u0161ete po elektronski po\u0161ti in se dogovorite za u\u010dno pomo\u010d<\/p><div class=\"ugb-block-content\"><div class=\"ugb-team-member__item ugb-team-member__item1\"><div class=\"ugb-team-member__image\"><img loading=\"lazy\" decoding=\"async\" width=\"236\" height=\"294\" class=\"ugb-img wp-image-417\" src=\"http:\/\/matej.info\/matejmatika\/wp-content\/uploads\/2021\/03\/919995b527dbb02cff94baa3a91aae2a1.jpg\" alt=\"Zaj\u010dek 1\"\/><\/div><div class=\"ugb-team-member__content\"><div class=\"ugb-team-member__title\"><h4 class=\"ugb-team-member__name\">Zaj\u010dek 1<\/h4><p class=\"ugb-team-member__position\">dijak<\/p><\/div><div class=\"ugb-team-member__buttons\"><div class=\"ugb-button-container\"><a class=\"ugb-social-button ugb-button-email ugb-social-button--social-colors ugb-button ugb-button--size-small ugb-button--icon-only ugb--hover-effect-lift ugb-button--has-icon\" href=\"mailto:my@email.com\" rel=\"noopener noreferrer nofollow\" title=\"\"><div class=\"ugb-icon-inner-svg\"><svg aria-hidden=\"true\" focusable=\"false\" data-prefix=\"far\" data-icon=\"envelope\" class=\"svg-inline--fa fa-envelope fa-w-16\" role=\"img\" xmlns=\"http:\/\/www.w3.org\/2000\/svg\" viewBox=\"0 0 512 512\"><path fill=\"currentColor\" d=\"M464 64H48C21.49 64 0 85.49 0 112v288c0 26.51 21.49 48 48 48h416c26.51 0 48-21.49 48-48V112c0-26.51-21.49-48-48-48zm0 48v40.805c-22.422 18.259-58.168 46.651-134.587 106.49-16.841 13.247-50.201 45.072-73.413 44.701-23.208.375-56.579-31.459-73.413-44.701C106.18 199.465 70.425 171.067 48 152.805V112h416zM48 400V214.398c22.914 18.251 55.409 43.862 104.938 82.646 21.857 17.205 60.134 55.186 103.062 54.955 42.717.231 80.509-37.199 103.053-54.947 49.528-38.783 82.032-64.401 104.947-82.653V400H48z\"><\/path><\/svg><\/div><\/a><\/div><\/div><\/div><\/div><div class=\"ugb-team-member__item ugb-team-member__item2\"><div class=\"ugb-team-member__image\"><img loading=\"lazy\" decoding=\"async\" width=\"236\" height=\"294\" class=\"ugb-img wp-image-417\" src=\"http:\/\/matej.info\/matejmatika\/wp-content\/uploads\/2021\/03\/919995b527dbb02cff94baa3a91aae2a1.jpg\" alt=\"Zaj\u010dek 2\"\/><\/div><div class=\"ugb-team-member__content\"><div class=\"ugb-team-member__title\"><h4 class=\"ugb-team-member__name\">Zaj\u010dek 2<\/h4><p class=\"ugb-team-member__position\">dijak<\/p><\/div><div class=\"ugb-team-member__buttons\"><div class=\"ugb-button-container\"><a class=\"ugb-social-button ugb-button-email ugb-social-button--social-colors ugb-button ugb-button--size-small ugb-button--icon-only ugb--hover-effect-lift ugb-button--has-icon\" href=\"mailto:my@email.com\" rel=\"noopener noreferrer nofollow\" title=\"\"><div class=\"ugb-icon-inner-svg\"><svg aria-hidden=\"true\" focusable=\"false\" data-prefix=\"far\" data-icon=\"envelope\" class=\"svg-inline--fa fa-envelope fa-w-16\" role=\"img\" xmlns=\"http:\/\/www.w3.org\/2000\/svg\" viewBox=\"0 0 512 512\"><path fill=\"currentColor\" d=\"M464 64H48C21.49 64 0 85.49 0 112v288c0 26.51 21.49 48 48 48h416c26.51 0 48-21.49 48-48V112c0-26.51-21.49-48-48-48zm0 48v40.805c-22.422 18.259-58.168 46.651-134.587 106.49-16.841 13.247-50.201 45.072-73.413 44.701-23.208.375-56.579-31.459-73.413-44.701C106.18 199.465 70.425 171.067 48 152.805V112h416zM48 400V214.398c22.914 18.251 55.409 43.862 104.938 82.646 21.857 17.205 60.134 55.186 103.062 54.955 42.717.231 80.509-37.199 103.053-54.947 49.528-38.783 82.032-64.401 104.947-82.653V400H48z\"><\/path><\/svg><\/div><\/a><\/div><\/div><\/div><\/div><div class=\"ugb-team-member__item ugb-team-member__item3\"><div class=\"ugb-team-member__image\"><img loading=\"lazy\" decoding=\"async\" width=\"236\" height=\"294\" class=\"ugb-img wp-image-417\" src=\"http:\/\/matej.info\/matejmatika\/wp-content\/uploads\/2021\/03\/919995b527dbb02cff94baa3a91aae2a1.jpg\" alt=\"Zaj\u010dek 3\"\/><\/div><div class=\"ugb-team-member__content\"><div class=\"ugb-team-member__title\"><h4 class=\"ugb-team-member__name\">Zaj\u010dek 3<\/h4><p class=\"ugb-team-member__position\">dijak<\/p><\/div><div class=\"ugb-team-member__buttons\"><div class=\"ugb-button-container\"><a class=\"ugb-social-button ugb-button-email ugb-social-button--social-colors ugb-button ugb-button--size-small ugb-button--icon-only ugb--hover-effect-lift ugb-button--has-icon\" href=\"mailto:my@email.com\" rel=\"noopener noreferrer nofollow\" title=\"\"><div class=\"ugb-icon-inner-svg\"><svg aria-hidden=\"true\" focusable=\"false\" data-prefix=\"far\" data-icon=\"envelope\" class=\"svg-inline--fa fa-envelope fa-w-16\" role=\"img\" xmlns=\"http:\/\/www.w3.org\/2000\/svg\" viewBox=\"0 0 512 512\"><path fill=\"currentColor\" d=\"M464 64H48C21.49 64 0 85.49 0 112v288c0 26.51 21.49 48 48 48h416c26.51 0 48-21.49 48-48V112c0-26.51-21.49-48-48-48zm0 48v40.805c-22.422 18.259-58.168 46.651-134.587 106.49-16.841 13.247-50.201 45.072-73.413 44.701-23.208.375-56.579-31.459-73.413-44.701C106.18 199.465 70.425 171.067 48 152.805V112h416zM48 400V214.398c22.914 18.251 55.409 43.862 104.938 82.646 21.857 17.205 60.134 55.186 103.062 54.955 42.717.231 80.509-37.199 103.053-54.947 49.528-38.783 82.032-64.401 104.947-82.653V400H48z\"><\/path><\/svg><\/div><\/a><\/div><\/div><\/div><\/div><\/div><\/div><\/div>\n","protected":false},"excerpt":{"rendered":"<p>Udele\u017eenci Dijaki, ki trenutno oblikujejo naloge in nudijo u\u010dno pomo\u010d, &hellip; <\/p>\n","protected":false},"author":1,"featured_media":0,"parent":0,"menu_order":0,"comment_status":"closed","ping_status":"closed","template":"template-page-builder.php","meta":{"footnotes":""},"class_list":["post-396","page","type-page","status-publish","hentry","grid-sizer"],"featured_image_urls_v2":{"full":"","thumbnail":"","medium":"","medium_large":"","large":"","post-slider-thumb-size":"","post-category-slider-size":"","1536x1536":"","2048x2048":"","blossom-coach-schema":"","blossom-coach-slider":"","blossom-coach-fullwidth":"","blossom-coach-with-sidebar":"","blossom-coach-latest":""},"post_excerpt_stackable_v2":"<p>Vse se zgodi z razlogom Projekt nastaja v sodelovanju profesorja matematike z dijaki, ki v procesu u\u010denja matematike prostovoljno oblikujejo svoje naloge in jih lektorirane objavljajo na spletni strani. Ob tem pa ponujajo u\u010dno pomo\u010d u\u010denja matematike vsem ni\u017ejim starostnim skupinam, t.j. osnovno\u0161olcem in srednje\u0161olcem ni\u017ejih letnikov. Ve\u010d o tem&#8230; Cilj 1 Izdelati uporabno zbirko vaj, primerno za pripravo na teste iz matematike v srednjem strokovnem in gimnazijskem programu Cilj 2 U\u010denje ve\u0161\u010din spletnega objavljanja strokovnih vsebin in u\u010denje spletne kode in urejevalnika matemati\u010dnega teksta Cilj 3 Priprava udele\u017eencev na izpit iz matematike na koncu srednjega izobra\u017eevanja in nudenje u\u010dne&hellip;<\/p>\n","category_list_v2":"","author_info_v2":{"name":"profM","url":"http:\/\/matej.info\/matejmatika\/author\/profm\/"},"comments_num_v2":"0 comments","_links":{"self":[{"href":"http:\/\/matej.info\/matejmatika\/wp-json\/wp\/v2\/pages\/396","targetHints":{"allow":["GET"]}}],"collection":[{"href":"http:\/\/matej.info\/matejmatika\/wp-json\/wp\/v2\/pages"}],"about":[{"href":"http:\/\/matej.info\/matejmatika\/wp-json\/wp\/v2\/types\/page"}],"author":[{"embeddable":true,"href":"http:\/\/matej.info\/matejmatika\/wp-json\/wp\/v2\/users\/1"}],"replies":[{"embeddable":true,"href":"http:\/\/matej.info\/matejmatika\/wp-json\/wp\/v2\/comments?post=396"}],"version-history":[{"count":15,"href":"http:\/\/matej.info\/matejmatika\/wp-json\/wp\/v2\/pages\/396\/revisions"}],"predecessor-version":[{"id":546,"href":"http:\/\/matej.info\/matejmatika\/wp-json\/wp\/v2\/pages\/396\/revisions\/546"}],"wp:attachment":[{"href":"http:\/\/matej.info\/matejmatika\/wp-json\/wp\/v2\/media?parent=396"}],"curies":[{"name":"wp","href":"https:\/\/api.w.org\/{rel}","templated":true}]}}